 - 12, -5*v - 2*d + d + f = 0. Suppose v*k - 36 = 6*k. Calculate the greatest common factor of k and 12.
6
Suppose -9903 = -4*p + 64*t - 65*t, p - 5*t - 2460 = 0. What is the greatest common divisor of p and 20?
5
Let g(z) = 7*z + 6 + 0 - 6*z + 1. Let o be g(11). Suppose i + 0*v - o = v, -4*i - 2*v + 90 = 0. Calculate the greatest common factor of 21 and i.
21
Let b be 1312/20 + 4/10. Suppose 56*f = 1068 + 780. What is the highest common divisor of b and f?
33
Suppose 4*z + 1030 = -2*f, -5*z - 161 - 2399 = 5*f. Let x = f - -539. Calculate the greatest common divisor of x and 230.
10
Let w(j) = -j**3 + 6*j**2 + 7*j - 4. Let h be w(7). Let l be 8 + (0/(h - -8) - 1). Suppose -3*g + 230 = -106. What is the greatest common divisor of l and g?
7
Suppose 5*k + 6*m - 27 = 7*m, -3*m + 9 = 0. Let w be ((-3)/k)/((-6)/204)*1. Suppose w*g + 36 = 20*g. Calculate the greatest common factor of g and 132.
12
Suppose 3*p = 4*p - 8. Suppose -5*b + 40 = -2*i, 246*b - 2*i - 34 = 242*b. What is the greatest common factor of b and p?
2
Let x be ((-21)/9 + 3)/(9/27). Suppose -x*k - 278 = -1334. Calculate the highest common factor of k and 33.
33
Let l(m) = 11*m**2 - 285*m + 1686. Let w be l(6). Calculate the greatest common factor of w and 12.
12
Let o(h) = 6*h**2 + 9*h - 24. Let f be o(3). Suppose -3*v - v + 14 = 2*t, -4 = 4*t. Let n be 6/v*6/9*38. Calculate the highest common divisor of f and n.
19
Suppose -24 = -r + 15. Let j = -135993 - -136344. Calculate the greatest common divisor of r and j.
39
Let b = 6382 + -6218. Calculate the highest common divisor of b and 6806.
82
Let g = -3757 - -4506. What is the highest common factor of g and 70?
7
Let k(o) = -o**3 - 2*o**2 - 9*o - 32. Let s = 524 + -528. Let d be k(s). Calculate the highest common divisor of 12 and d.
12
Let x = -72 - -85. Suppose -6*j + x = 1. Let l(w) = w**3 + w**2 - 5*w + 4. Let a be l(j). Calculate the highest common factor of 90 and a.
6
Let n = 338 + -506. Let k = n - -208. What is the greatest common divisor of k and 280?
40
Let k be 22/4 - ((-50301)/2)/81. Calculate the greatest common factor of 790 and k.
158
Suppose 6*u - 39886 = 4*b, -148*u + 143*u + b = -33250. Calculate the highest common factor of u and 9.
9
Let g = -124 + 29. Let s = g - -121. Let v = 669 + -461. Calculate the highest common factor of s and v.
26
Let m(b) = -2*b**3 + 2*b**2 + 43 - 2*b + 0*b**2 + 2*b**3 + b**3. Let v be m(0). Suppose -4*t + 49 = -v. Calculate the highest common factor of t and 23.
23
Let d be (-2)/((2/2)/(-21)). Suppose 3*n - 6*s + 7*s + 752 = 0, -4*n = s + 1003. Let i = n - -377. What is the greatest common divisor of i and d?
42
Suppose 4*p - 4 + 16 = 0. Let i be 730/30 + (-2)/p. Let j = -16 + i. What is the highest common divisor of 72 and j?
9
Suppose 3*n = -2*n + 40. Suppose -22*p = -30*p + 48. Let a be (p/3 + -1)*(-40)/(-5). What is the greatest common factor of n and a?
8
Suppose -33*w + 95*w - 3795 = -53*w. Let v(d) = 2*d**3 + 2*d**2 - 2*d + 2. Suppose -5*y + y = -8. Let c be v(y). What is the greatest common divisor of c and w?
11
Suppose 4*w + 2*v + 148 = 0, -5*w - 163 = -v - 2*v. Let y = -21 - w. Let l = -258 + 307. Calculate the highest common factor of l and y.
7
Let c(i) = -52*i + 421. Let z be c(8). Suppose 0 = z*y + 2*m - 3115, -2174 = -5*y + 2*m + 941. What is the highest common divisor of y and 89?
89
Let d = 232 + -186. Let w be d/(-6*-3*2/162). Calculate the highest common factor of w and 92.
23
Let d be (116/(-12))/(((-30)/(-18))/5). Suppose -b - 17 = -56. Let a = b + d. What is the greatest common factor of 10 and a?
10
Let h be 724565/1102 - ((-3)/(-3) - 6/4). What is the greatest common factor of h and 112?
14
Let f(x) = -29*x + 206. Let w be f(7). Let j be 585 - (-27)/(-9)*w. Calculate the greatest common factor of j and 48.
48
Let x be 2*(-622)/(-3)*(-45)/(-30). Calculate the greatest common factor of x and 2.
2
Let q be 2/(-3) - (-232)/(-3). Let p be (4/8)/((-3)/q). Let t be 29*4 - (2 + -3). Calculate the highest common factor of p and t.
13
Let s(q) = -q**2 + 10*q + 56. Let r be s(14). Suppose r = -5*i - 107 + 247. Calculate the greatest common factor of i and 4.
4
Let p(y) = -y**3 - 27*y**2 - 32*y - 84. Let n be p(-28). Calculate the highest common factor of 1026 and n.
114
Let n = -15 + 644. Suppose -3*l + 2*r + n = -33, 0 = -2*l + r + 442. Calculate the greatest common factor of 12 and l.
6
Let y be ((6 - 7) + -27)/((-2)/52). Let g = 971 - y. Calculate the greatest common factor of 3 and g.
3
Let w be 84/10*(-395)/(-158). Calculate the greatest common factor of 237 and w.
3
Let m = -12968 + 12986. What is the greatest common factor of 267 and m?
3
Let o be (-5 - (1 - 38)) + ((-770)/10)/(-11). Calculate the greatest common factor of o and 806.
13
Suppose -7 = -t + 2*s, -4*s - 11 = -14*t + 13*t. Let n be (t + -2 - 0)*4 + 94. What is the highest common divisor of n and 441?
49
Suppose -2*v - q = -3*q - 30, -4*q = 4. Let t be (42/4)/(5/30). Let j be (-3)/7 + 4878/t. Calculate the highest common factor of v and j.
7
Let h(v) be the second derivative of -v**4/12 + 5*v**3/3 + v**2/2 - 10*v. Let t = 237 + -227. Let i be h(t). Calculate the greatest common factor of i and 8.
1
Let z = 578 - 565. Let s be z + (-1)/(-2 - 15/(-5)). Calculate the greatest common factor of 186 and s.
6
Let z be (-2)/(-16)*361 - 1903/15224. Calculate the highest common factor of 1985 and z.
5
Let h = 3415 - 3410. What is the highest common factor of h and 29?
1
Suppose 0 = 26*u - 5286 - 3450. Suppose 10*v + 4*v = u. What is the greatest common factor of 152 and v?
8
Suppose -706 = 13*z + 48. Let s = z + 122. Suppose -2*g = -6*g + 640. Calculate the greatest common divisor of g and s.
32
Suppose -g + 4 = 3*h - 4*h, -7 = 3*h - 2*g. Let b = 32 + h. Calculate the greatest common divisor of 3 and b.
3
Let b(z) = -z**3 - 4*z**2 + 101*z + 197. Let i be b(-22). What is the greatest common divisor of i and 9?
9
Let q be (-132)/14*(-12)/(36/21). What is the greatest common factor of 366 and q?
6
Suppose 567*x - 566*x - 658 = -250. Calculate the greatest common divisor of 960 and x.
24
Suppose -116*l + 17049 + 96138 + 24157 = 0. Let g(y) = 32*y**2. Let v be g(-1). Calculate the highest common divisor of v and l.
32
Suppose 21582 = 127*r + 43*r + 48*r. Calculate the highest common divisor of 387 and r.
9
Let v = -6524 + 6619. Calculate the highest common divisor of 589 and v.
19
Let p be (3198/(-5))/(((-224)/(-70))/(-16)). What is the highest common divisor of 156 and p?
78
Suppose -9*f + 4 = -6*f - 35. Calculate the highest common divisor of f and 3133.
13
Let y(c) = -c**3 + 18*c**2 + 43*c - 791. Let g be y(-28). What is the highest common divisor of g and 217?
217
Suppose -f - 52 = -3*o, 3*o + 2*f - 34 = 24. Let q be o/(-8)*128/(-6). Suppose -q = -4*r + 8. What is the greatest common divisor of 14 and r?
14
Suppose 2*d - d + 1 = f, -2 = f. Let t be 92 + 15/(-5) + d + 5. Calculate the highest common factor of t and 52.
13
Let i(r) = 289*r - 14190. Let l be i(50). Calculate the highest common divisor of l and 28990.
130
Suppose -11*o - 39*o = -127600. Calculate the greatest common divisor of 88 and o.
88
Suppose 27*n - 768 = 204. Calculate the highest common factor of n and 32.
4
Let a be (-6 + (-403)/(-78))/(1/(-42)). Calculate the greatest common factor of a and 2285.
5
Suppose -9 = -3*f, -175 = -2*v + f - 6*f. Let t = v - 86. Let i = 21 + t. What is the highest common divisor of i and 195?
15
Suppose 2*g = 5*m - 677, -62*m - 2*g - 407 = -65*m. What is the highest common divisor of m and 2880?
45
Suppose 36*g - 51*g - 12579 = -36*g. Calculate the greatest common factor of 3 and g.
1
Suppose 94*p = 3*q + 89*p - 5440, 0 = -4*q + 3*p + 7257. What is the greatest common divisor of 240 and q?
15
Let s = 3546 - 1823. Suppose 23*a = s - 228. What is the highest common divisor of a and 5?
5
Suppose 2*u + 2*g + 3 = 21, 0 = -3*g + 15. Suppose -4*y + 1076 = -14*n + 16*n, u*n - 3*y = 2185. Calculate the highest common factor of 17 and n.
17
Suppose 0 = 28*o + 8 + 48. Let f(v) = -v + 5. Let s be f(o). Let n be 1/(-1) - (-4)/2. What is the greatest common factor of s and n?
1
Let i(s) = s**2 - 8*s + 26. Let g(n) = -2*n**3 + 10*n**2 + 2*n - 20. Let l be g(4). Let k be i(l). Calculate the greatest common factor of 14 and k.
